 3?
-d4
In base 3, what is 1 + -212111?
-212110
In base 2, what is 0 + 10001110?
10001110
In base 14, what is -23 + bb?
98
In base 15, what is c + 33a?
347
In base 6, what is 4 - 22?
-14
In base 3, what is -100000 + 1?
-22222
In base 16, what is -3a - -1?
-39
In base 9, what is -7 + -4820?
-4827
In base 5, what is -4404 + 1?
-4403
In base 12, what is 96 - 131?
-57
In base 13, what is -1956 - 3?
-1959
In base 11, what is 9 + -73?
-65
In base 13, what is -a4 - -c?
-95
In base 3, what is 10000 + 12?
10012
In base 2, what is 100 + -10110110110?
-10110110010
In base 2, what is 110 - -11000100?
11001010
In base 15, what is e + 60?
6e
In base 4, what is 3 + -10?
-1
In base 3, what is -1111 - 12?
-1200
In base 9, what is -4 + 254?
250
In base 7, what is 30 - 64?
-34
In base 2, what is 101 - 101001010101?
-101001010000
In base 3, what is -10 - 1220?
-2000
In base 6, what is 2 + 112?
114
In base 9, what is -18762 + -1?
-18763
In base 13, what is 45 + 55?
9a
In base 14, what is 3 - 19c?
-199
In base 12, what is 5 - 923?
-91a
In base 10, what is -2 + -15?
-17
In base 11, what is -124 - -17?
-108
In base 3, what is 11 + 1101110?
1101121
In base 14, what is -a6 + -76?
-13c
In base 2, what is -100 + -100000?
-100100
In base 5, what is -21 + 4?
-12
In base 16, what is -122 + -d?
-12f
In base 11, what is -6 - 17?
-22
In base 12, what is 509 - 2?
507
In base 11, what is 4 + -2a03?
-29aa
In base 8, what is 211 - 12?
177
In base 10, what is 64 - -2?
66
In base 9, what is 4 - 80?
-75
In base 11, what is 21 + 15?
36
In base 3, what is -122 + 21012?
20120
In base 15, what is b + -2?
9
In base 5, what is 3143 + 2?
3200
In base 12, what is -4 + -407?
-40b
In base 3, what is -11 + -10211?
-10222
In base 3, what is 22 + 1021?
1120
In base 12, what is 5 - 2b?
-26
In base 15, what is 4d + 81?
ce
In base 14, what is -2 - -3a?
38
In base 13, what is 2a + 5?
32
In base 7, what is 123 + 36?
162
In base 14, what is -1c - b?
-29
In base 12, what is b1 - 3?
aa
In base 2, what is -100 - -1101100000?
1101011100
In base 15, what is -3 + a6?
a3
In base 14, what is -b5c - -5?
-b57
In base 11, what is -2a + 12?
-18
In base 16, what is -4 - -12c?
128
In base 2, what is 1 + 10000011?
10000100
In base 9, what is 4378 - 2?
4376
In base 11, what is -4 - -500?
4a7
In base 9, what is -3 + 247?
244
In base 10, what is -3 - -9?
6
In base 12, what is 1494 + -3?
1491
In base 7, what is 15 - -25?
43
In base 2, what is -1010 - 1001?
-10011
In base 12, what is 0 - 10?
-10
In base 15, what is -b1c + -2?
-b1e
In base 15, what is -1 + 10c9?
10c8
In base 4, what is 12 - -123011?
123023
In base 3, what is 1 - 12122?
-12121
In base 2, what is -1100011000 + 0?
-1100011000
In base 9, what is 25 + -532?
-506
In base 3, what is 2 + -10110012?
-10110010
In base 14, what is -3 + -5c7?
-5ca
In base 8, what is 2213 + -4?
2207
In base 6, what is -4 - 45?
-53
In base 7, what is 1201 - 21?
1150
In base 11, what is -229 - 4?
-232
In base 6, what is -102 + 3?
-55
In base 9, what is -4 - -3601?
3586
In base 15, what is -4 - 0?
-4
In base 13, what is 4 + 5c?
63
In base 5, what is 13143 - -10?
13203
In base 12, what is -15 - 591?
-5a6
In base 13, what is -31c7 - 1?
-31c8
In base 11, what is 660 + 4?
664
In base 8, what is 120 - 4?
114
In base 15, what is 0 - cb?
-cb
In base 16, what is -5 + 102b?
1026
In base 14, what is 4 - -1cc2?
1cc6
In base 11, what is 1 - 28?
-27
In base 12, what is -5 + -b?
-14
In base 8, what is 126400 + 1?
126401
In base 6, what is 35 + -44?
-5
In base 7, what is 2 + -26?
-24
In base 10, what is -343 + -11?
-354
In base 6, what is -13 - 4?
-21
In base 2, what is 11011 + -110010000?
-101110101
In base 5, what is 41 - 4?
32
In base 6, what is -4 - -2433?
2425
In base 3, what is -100 - -221?
121
In base 13, what is 2 - -1425?
1427
In base 7, what is 203 - 15?
155
In base 10, what is 390 + 6?
396
In base 2, what is 1011110 + 100000?
1111110
In base 6, what is -11 - 13225?
-13240
In base 11, what is -6 + 109?
103
In base 6, what is -100 - 33?
-133
In base 8, what is 14 - -11?
25
In base 3, what is 102101 - 12?
102012
In base 13, what is -2a - 15?
-42
In base 8, what is -1 + 343?
342
In base 8, what is -320 - 5?
-325
In base 11, what is 0 + 12?
12
In base 11, what is -1 + -15?
-16
In base 11, what is -19 + -319?
-337
In base 3, what is -1001 - 12?
-1020
In base 9, what is -4 - 4360?
-4364
In base 15, what is -1547 + 0?
-1547
In base 9, what is 15 - 857?
-842
In base 14, what is -1a0 + -61?
-221
In base 10, what is 17 - -54?
71
In base 7, what is 252 + -1?
251
In base 14, what is 14 - 51?
-3b
In base 3, what is 201020 + 11?
201101
In base 15, what is -39 - 6?
-40
In base 7, what is 4 - -45?
52
In base 3, what is -12 + -22110?
-22122
In base 3, what is -10 - 111?
-121
In base 13, what is 0 - c5?
-c5
In base 4, what is -12 - -2031?
2013
In base 16, what is 5 + -32?
-2d
In base 8, what is -502 - 3?
-505
In base 4, what is 203 - 2?
201
In base 15, what is -4 + 160?
15b
In base 12, what is a - -37?
45
In base 4, what is -20 + -121?
-201
In base 7, what is 6250 - 5?
6242
In base 10, what is 1837 + 1?
1838
In base 13, what is 3 + 2038?
203b
In base 7, what is 153 - -524?
1010
In base 16, what is e4 + e?
f2
In base 13, what is 4 - -1224?
1228
In base 4, what is -30112 + -113?
-30231
In base 12, what is -3 - b08?
-b0b
In base 6, what is -3342 - -1?
-3341
In base 8, what is -71 - 43?
-134
In base 16, what is -c - -88?
7c
In base 4, what is -20103 - -3?
-20100
In base 9, what is 70 + -2?
67
In base 12, what is -224 - 2?
-226
In base 10, what is 2 - -1951?
1953
In base 5, what is 10 - -4210?
4220
In base 16, what is -9b + 2?
-99
In base 13, what is -5 + -105?
-10a
In base 16, what is -69 - -1?
-68
In base 3, what is 2201022 + 11?
2201110
In base 4, what is 10200 + -32?
10102
In base 4, what is 11 + -1221?
-1210
In base 2, what is -11 + 1011011011?
1011011000
In base 8, what is -35 - 16?
-53
In base 5, what is -1 - 3101?
-3102
In base 16, what is -84 - 2?
-86
In base 7, what is -3 - 20?
-23
In base 16, what is 6cf + 5?
6d4
In base 13, what is 1 - -17?
18
In base 15, what is 3 - -4b1?
4b4
In base 11, what is 4 + -9?
-5
In base 7, what is -1462 - -2?
-1460
In base 10, what is 161 - -159?
320
In base 16, what is 19 + 3?
1c
In base 5, what is -4232 - -10?
-4222
In base 14, what is 21 - -11?
32
In base 14, what is -4 - -125?
121
In base 6, what is -5 + -11355?
-11404
In base 8, what is -4 - 1453?
-1457
In base 8, what is 0 - 70?
-70
In base 9, what is -1 - -540?
538
In base 9, what is -3 + -3?
-6
In base 12, what is -10 - 15?
-25
In base 11, what is -89 + 5?
-84
In base 11, what is -3 + 164?
161
In base 3, what is 10 - -1000?
1010
In base 8, what is 1741 - 11?
1730
In base 16, what is 23 - -3?
26
In base 3, what is 1020 + -1?
1012
In base 13, what is 9c3 - -5?
9c8
In base 8, what is -1004 - 0?
-1004
In base 5, what is 32 - 10?
22
In base 11, what is -7 + 24?
18
In base 13, what is -76 + -5?
-7b
In base 16, what is -157 + 3?
-154
In base 2, what is -10011000101010 - 101?
-10011000101111
In base 9, what is -157 - 5?
-163
In base 10, what is 0 - -81?
81
In base 2, what is -11 + -1101000100?
-1101000111
In base 11, what is -52 - -21?
-31
In base 13, what is 0 + -b?
-b
In base 5, what is -1213 + 3?
-1210
In base 16, what is -1 - 3ba?
-3bb
In base 14, what is 4 + -365?
-361
In base 15, what is 24 + -18?
b
In base 13, what is 4c - -5?
54
In base 12, what is 9 - 359?
-350
In base 7, what is 1 - -510?
511
In base 15, what is -1 + 3e4?
3e3
In base 11, what is -423 + -5?
-428
In base 14, what is -20 + -22?
-42
In base 4, what is 30 - -32210?
32300
In base 12, what is -3 - -b79?
b76
In base 6, what is 2 - 40234?
-40232
In base 15, what is -1 - 5?
-6
In base 3, what is -10 + -1221?
-2001
In base 16, what is -1910 - 0?
-1910
In base 14, what is 5 + -46?
-41
In base 9, what is -63 - 2?
-65
In base 6, what is -5133 + 14?
-5115
In base 9, what is 2 + -23?
-21
In base 3, what is -2 - -1121?
1112
In base 7, what is -520 + 5?
-512
In base 13, what is -82 - -5?
-7a
In base 16, what is 4 + -1ef?
-1eb
In base 3, what is 2 - 1012?
-1010
In base 6, what is -4 - -5533?
5525
In base 5, what is -11 + 123?
112
In base 14, what is 1c + 2a?
48
In base 3, what is 111012021 - -2?
111012100
In base 7, what is -1 + -26?
-30
In base 2, what is -101 +